w(-6). Suppose -3*r = -5*z - 91, -r - 2*z - 4 + 27 = 0. Let q = r + o. Calculate the greatest common factor of 14 and q.
14
Let c(y) = -y + 18. Let i be c(17). What is the greatest common divisor of i and 3?
1
Let y(x) = -30*x - 10. Let h be y(-5). What is the highest common factor of h and 56?
28
Suppose 10*x - 750 = -30. Suppose -6*d + 27 = -3*d. Calculate the highest common factor of d and x.
9
Let t = 7 - -20. Calculate the greatest common divisor of t and 9.
9
Suppose -3 = b - 8. Suppose b + 6 = y - u, -2*u - 10 = 0. Let j be 24/16*64/y. What is the greatest common factor of j and 32?
16
Let g be (-3)/2 - 1/(-2). Let x be (g/3)/(4/(-24)). Calculate the highest common divisor of x and 3.
1
Let p = -170 - -258. Let s = -26 - -34. What is the highest common divisor of p and s?
8
Let d(z) = 94*z**2 - 4*z - 2. Let l be d(-1). Let t = -35 - -51. Calculate the greatest common factor of t and l.
16
Suppose 3*y = -2*y + 25. Suppose x = v - 0 - 7, -x = y*v - 41. Let h be 3/15 - (-18)/10. What is the highest common divisor of h and v?
2
Let l = -20 + 30. Calculate the greatest common divisor of 110 and l.
10
Let v be 20/(-3)*(-4)/((-16)/(-6)). Calculate the highest common divisor of v and 40.
10
Let j = 165 + -97. Suppose j = 3*u - 4*t, 5*t - 6 - 4 = -u. Let m = 9 + -5. Calculate the greatest common divisor of u and m.
4
Let f(s) = s + 11. Let y be f(-7). Suppose -5*a - y*z = -48 - 47, 0 = 4*a - z - 55. Suppose 2*g = 5 + 25. Calculate the highest common factor of g and a.
15
Let v = 59 - 35. Let u(w) = -w**3 - 10*w**2 + 9*w - 16. Let t be u(-11). Calculate the highest common factor of v and t.
6
Let j be 8/20 - 43/(-5). Let k be (2 - -2) + -1 + 4 + -1. Calculate the highest common factor of k and j.
3
Let m = 4 + -5. Let j = m + 4. Let k be (j - 1) + (-20)/(-2). What is the highest common divisor of 96 and k?
12
Let r = -91 + 155. Calculate the highest common factor of 8 and r.
8
Suppose 3*o + w + 4*w = 47, 21 = o - w. Calculate the highest common divisor of 19 and o.
19
Let x = -9 + 13. Suppose 4*o - 5*n - 202 = 0, -5*o + n = -x*o - 50. Suppose u - 23 = -2*v - 3, -4*v = -4*u - 64. What is the highest common divisor of o and v?
12
Suppose 3*v = -0*v - 4*u + 60, -v = 3*u - 20. What is the greatest common factor of 120 and v?
20
Let g(z) = z + 9. Suppose 2*w = -5*u + u + 6, 24 = 2*w - 5*u. Let h be g(w). What is the greatest common factor of h and 32?
16
Let m be (-12)/(-15)*75/6. Suppose -4*v = -3*k - k + 80, 3*k = -4*v + 60. What is the highest common divisor of m and k?
10
Let v be 22/5 + (-2)/5. Let j(w) = -w**2 - w + 4. Let s be j(3). Let g be v/6*(-84)/s. What is the greatest common factor of 35 and g?
7
Let z be 30/(3 + 3) - -3. Calculate the highest common divisor of 6 and z.
2
Suppose -5*g = -99 + 34. What is the highest common factor of 39 and g?
13
Suppose -3*b = -4*b + 39. Suppose -4*z = -2*o - 0*o, 3*z - b = -5*o. What is the greatest common factor of o and 15?
3
Let k = -20 + 40. What is the highest common divisor of k and 50?
10
Let r = 178 + -97. Let l = -2 - -5. Suppose 6*a = l*a + 27. What is the greatest common factor of a and r?
9
Suppose -3*g + 38 + 19 = 0. Let y = g + -11. Let i = 20 + -12. Calculate the highest common divisor of y and i.
8
Let g = -78 + 56. Let n be -6*(g/(-3))/(-2). Calculate the greatest common divisor of 22 and n.
22
Let c(v) = v**2 + 6*v + 11. Let w be c(-5). Suppose 4*p = 2*s + 260, -p - 3*p = 3*s - 270. Calculate the highest common factor of p and w.
6
Let x be (0 - 2)/((-4)/34). Calculate the highest common divisor of x and 119.
17
Suppose -4 = -2*f + 5*f + 2*r, -3*r = 2*f + 11. Suppose -4*d - 148 = -s + d, -f*s + 3*d = -268. Calculate the highest common factor of 16 and s.
16
Let n(s) = s + 7. Let d be (-5)/(-1*2/2). Suppose f + d*t + 4 = 3*t, 5*f - 8 = 4*t. Let q be n(f). Calculate the greatest common factor of 1 and q.
1
Let x(b) be the second derivative of -b**3/2 - b**2 + 3*b. Let c be x(-3). Let l = -75 + 110. Calculate the greatest common factor of c and l.
7
Let f(o) = o + 3. Let r be f(3). Let w be (-2)/(-6) + 40/r. Let l be (-2314)/(-65) - 6/10. Calculate the greatest common divisor of l and w.
7
Let y = -268 - -382. Suppose 84 = 2*p - y. What is the greatest common factor of 11 and p?
11
Let x be 0 - 7/(21/6). Let r be (69/6)/((-1)/x). What is the greatest common divisor of r and 46?
23
Let d be (-5 - -1) + 2 + 2. Let n be 11/(-1)*(-1 + d). Calculate the greatest common divisor of 11 and n.
11
Let n = -2 + 8. Let c be (3/4)/(1/8). Calculate the greatest common factor of n and c.
6
Suppose 0 = -h - 3*h + 180. Suppose -5*b + 42 = 2*t, -2*t - 2*b = -h + 9. Suppose 0 = -q + 4*q - 192. What is the highest common factor of t and q?
16
Suppose -104 = -5*t + 316. Let m(v) = 1. Let y(a) = 3*a - 21. Let c(z) = 18*m(z) + y(z). Let o be c(5). Calculate the highest common divisor of t and o.
12
Let u be 3/((-18)/(-12))*1/2. What is the highest common divisor of 4 and u?
1
Let k = 496 + -34. Calculate the greatest common divisor of k and 42.
42
Let a be 6/(-3) - -2 - -40. Suppose w - 3 + 1 = 0. Let d = 18 - w. What is the greatest common factor of a and d?
8
Let d be 3 - -1 - (6 - 6). What is the highest common factor of d and 8?
4
Let c be 20/(-2 - 2)*-3. Calculate the highest common divisor of 15 and c.
15
Let m(v) = v + 10. Suppose 0 = -0*i - i + 6. Suppose 40 = -x + i*x. Let r be m(x). What is the highest common divisor of r and 18?
18
Suppose -j = -12 - 3. Let p be (1 - j)/(1/(-3)). Let l(t) = -t**3 - 5*t**2 - 3*t - 1. Let w be l(-5). Calculate the highest common divisor of p and w.
14
Let l be 40/(-3)*(-72)/60. What is the highest common factor of l and 80?
16
Suppose -3*g = -5*g + 290. Let i = g - 55. What is the greatest common divisor of 30 and i?
30
Let d be 1*4/(-4)*-12. What is the greatest common factor of 6 and d?
6
Let r = -144 - -172. What is the greatest common factor of r and 4?
4
Let t = -53 - -165. What is the highest common divisor of 16 and t?
16
Let k = -64 + 66. Let n be 1 + (-3 - 0 - -1). Let w(z) = -3*z**3 + 2*z**2 + 2*z + 1. Let a be w(n). What is the greatest common divisor of k and a?
2
Let t be -3*((-20)/6 + 0). Let k be (-6)/(-10) + (-6)/t. Suppose -z + k*z + 11 = 0. Calculate the greatest common divisor of 11 and z.
11
Let j be 70/15 + (-2)/(-6). Suppose -44 = -3*a + j*s, -5*a - 2*s = 2*s - 24. Calculate the highest common divisor of 48 and a.
8
Let o = 57 - 13. Calculate the greatest common divisor of 4 and o.
4
Let n(a) = 19*a**3 - 2*a**2 - 3*a + 3. Let b be n(1). What is the greatest common factor of b and 221?
17
Suppose 57 - 271 = -4*l + 5*t, 0 = 2*t - 4. Let s be ((-8)/4 - -1)*-3. Let v be 0 + (2 - -19)/s. Calculate the highest common factor of l and v.
7
Suppose -3*p = -2*u + 19, -43 - 28 = -3*u - 4*p. Calculate the highest common divisor of 68 and u.
17
Let o = 57 - 37. Let c be (-37)/(-7) - (-4)/(-14). Suppose 0 = -x + c*x - 200. What is the greatest common divisor of o and x?
10
Suppose 22 = 5*u - 3*j, 0 = -u - 4*j - 13 - 1. Suppose -5*m - 25 = -4*l, -u*m + 2 = l + m. Calculate the highest common factor of l and 10.
5
Suppose g - q = 4*g - 109, -185 = -5*g - 5*q. Calculate the highest common factor of g and 12.
12
Suppose 0 = -5*k + 4*k - 5. Let h be k/(9/(-6) + 1). Let v = -40 + 80. What is the highest common factor of v and h?
10
Let b = -9 + 39. Suppose -b = 2*q + 10. Let t be (-3)/5 + (-252)/q. Calculate the highest common factor of t and 60.
12
Let i be (5 + -3)/((-1)/(-2)). Suppose -6*q + q = 3*d - 49, -4*q + i*d = -52. Calculate the highest common divisor of q and 1.
1
Suppose -c - 114 = -3*n, -13 = -4*n - 5. Let z = -64 - c. What is the highest common divisor of z and 4?
4
Suppose 5*n + 0*k - 409 = 4*k, -4*k - 239 = -3*n. Let h = n + 4. Let d = h - 47. What is the highest common divisor of 21 and d?
21
Let w = 141 - 72. Let v = 55 - 32. Calculate the highest common divisor of v and w.
23
Let w(q) = q**3 - 10*q**2 + 8*q + 2. Let g be w(9). Let s = g + 39. Calculate the highest common factor of s and 4.
4
Let p(q) = q**3 - 2*q**2 - 1. Let r be p(3). Calculate the greatest common factor of r and 12.
4
Suppose -5*s = -0*s + 35. Let v(c) = -c**3 - 7*c**2 + 4. Let w be v(s). Suppose -4 = -w*q - 0. Calculate the greatest common divisor of q and 8.
1
Suppose 4*y